n(h). Let b(i) = 3 - c*i + 11*i + i. Determine b(-2).
-7
Let c(i) = i**2 + 8*i - 1. Let w(n) = -n**2 - 2*n**2 + 17*n + 0 + 6*n**2 - 1. Let j(a) = 5*c(a) - 2*w(a). Determine j(5).
2
Let i(q) be the first derivative of 11*q**3/3 + q**2 - 11*q - 1. Let r(v) = -6*v**2 - v + 6. Let h(j) = -4*i(j) - 7*r(j). Give h(2).
-8
Let g(r) = -r**2 + 5*r - 1. Let w be 1*-4*(-2)/(-4). Let q = w - -2. Suppose 0 = 3*h - q*h - 6. Calculate g(h).
5
Suppose 0 = -4*u - 14 - 6. Let x(w) = 20*w - 9. Let p(z) = 11*z - 5. Let l(f) = -11*p(f) + 6*x(f). What is l(u)?
6
Let p(q) = 4*q**3 + 2*q**2 - 2*q + 1. Let s = -6 - -29. Let u = 24 - s. Determine p(u).
5
Let h(g) = -g**3 - 5*g**2 - g. Let l = 3 - 4. Let d be l/((-3)/30*2). Suppose -d*p - 3 = 22. Calculate h(p).
5
Suppose 4*y + 8 = -0*y. Let g(n) = -1. Let c(b) = 2*b. Let p(h) = y*g(h) - c(h). Let m = -1 - 1. What is p(m)?
6
Let o(b) be the third derivative of -b**6/720 - b**4/8 + 2*b**2. Let j(y) be the second derivative of o(y). Determine j(-4).
4
Suppose -3*n - 3*w = -2*w + 64, 5*n + 5*w + 100 = 0. Let b be n/6 + (-4)/(-6). Let c(j) be the third derivative of j**4/12 - j**3/3 + j**2. What is c(b)?
-8
Suppose 50 = -13*o - 41. Let d(q) = q**3 + 8*q**2 + 6*q - 9. Calculate d(o).
-2
Let q(t) = 2*t**3 - 3*t**2 + t + 2. Let c be (1/(6/(-4)))/((-2)/6). Calculate q(c).
8
Let y(d) = -d - 4. Let u be y(-6). Let r(z) be the second derivative of z**6/240 - z**4/6 + 2*z. Let w(f) be the third derivative of r(f). What is w(u)?
6
Suppose -27 = 6*s - 3*s. Let x = -11 - s. Let j(w) be the second derivative of -w**4/6 - w**3/2 - w**2 + w. Determine j(x).
-4
Let p(y) = y**3 - 11*y**2 - 10*y - 20. Let j be p(12). Let v(b) = b**2 - 5*b + 5. What is v(j)?
1
Let x(a) be the second derivative of 7*a**5/20 - a**4/12 - a**3/6 - a**2/2 + 9*a. What is x(-1)?
-8
Let i(p) = -7*p**3 + 1. Suppose 5*o = 16 - 11. Give i(o).
-6
Let t(v) = v**2 + 3*v + 2. Let r = 21 - 26. Determine t(r).
12
Let u(h) = -2*h**3 - h**2 + 2*h - 1. Let j = 3 - 0. Suppose -j*q = -33 - 9. Suppose -5*v = 2*s + q, 0 = s + v + 5 - 1. Give u(s).
7
Let t(y) = y**3 + y**2 - 1. Let b(l) = 6*l**3 + 2*l**2 - 3. Let d be (-10)/3 - 1/(-3). Let k(a) = d*t(a) + b(a). What is k(1)?
2
Let j(w) = -w**2 + w. Let f be j(0). Suppose 3 = -f*k + 3*k. Let t(m) = -7*m**2 - 1 + m + 0*m**2 + 0*m**2. Determine t(k).
-7
Let u(x) be the first derivative of 3*x**2/2 + 4*x - 50. Let p = -6 - -3. Calculate u(p).
-5
Let f(z) = -z**3 + z**2 + 1. Let p(m) = -3*m**2 - 4. Let j(a) = 3*f(a) + p(a). Let l(t) = -7*t**2 + 2*t**3 - t - 3*t**3 - 4 + 2*t**2. Let y be l(-5). Give j(y).
-4
Let k(n) = n + 6. Let f be 2/(-3)*225/(-6). Suppose 5*r + f = 0, 2*i - 2*r = -2*i + 26. Let s be 4/(-6) + i/6. What is k(s)?
6
Let v(f) be the first derivative of -f**5/120 + f**4/8 - f**3 - 3. Let q(k) be the third derivative of v(k). Determine q(0).
3
Let v(r) = r**3 - r - 2. Let l = 18 + -20. Calculate v(l).
-8
Let y(u) = u**2 + 8*u. Let x(a) = -a. Let k(c) = 6*x(c) + y(c). Give k(-4).
8
Let v(a) be the third derivative of 0 + 0*a - 3*a**2 + 1/15*a**5 + 1/6*a**3 + 1/24*a**4 - 1/120*a**6. Calculate v(4).
5
Suppose j + 3 = 3*s, s - 15 = 3*s + 5*j. Let n(m) = m**2. Let w(o) = -6*o**2 + o - 2. Let b(v) = -5*n(v) - w(v). What is b(s)?
2
Let h(g) be the first derivative of -3 + 0*g + 1/2*g**2 + 10/3*g**3. Calculate h(-1).
9
Let p = 53 + -55. Let s(z) = -z. Determine s(p).
2
Let t be 5/10 + 58/4. Suppose -5*g + 3*k - 2*k + t = 0, g - 3 = 5*k. Let j(m) = 3 - 3*m**2 + 0*m**2 - 3*m + 6*m**2 - 2*m**2. Calculate j(g).
3
Let r(t) be the third derivative of t**4/8 + t**3/6 - 4*t**2. Determine r(-4).
-11
Let z(a) = -a**3 + 2*a**2 + 4*a. Let d be z(3). Let s be -3 - (0 + -4 + d). Let t(j) = -4*j**2 - 4*j - 2. Calculate t(s).
-10
Let y(x) be the first derivative of 4/3*x**3 + 0*x + 2 + 1/4*x**4 + 3/2*x**2. Determine y(-2).
2
Let t(h) = -8*h**3 + 1 - 1 + h. Let k = -11 + 17. Let p be (-9)/k - 1/(-2). Give t(p).
7
Let c(j) = -4 - 4*j + j - j + 3*j. Let t(y) = -1. Let n(r) = c(r) - 2*t(r). Let l be 9/(-3)*(-10)/(-6). Give n(l).
3
Let z(p) = -3 + 4*p + 3. Let n be ((-6)/(-9))/((-2)/(-3)). What is z(n)?
4
Let k(d) = d**3 - 3*d**2 - 10*d + 1. Let m be k(5). Let u(x) = -9*x**3 + x**2 - x + 1. Calculate u(m).
-8
Let g(p) = p**2 + 4*p + 4. Let b be ((-12)/(-8))/((-3)/4). Let r be 4/b*5/(-2). Suppose r*k - h = h - 13, 5*k - h + 14 = 0. Give g(k).
1
Let b(s) be the second derivative of -1/6*s**3 + 0 - s + 0*s**2. Suppose -a - 6*a - 14 = 0. Determine b(a).
2
Let h(g) = g. Let m(b) = -b + 6. Let y be m(2). Suppose d + y*d - 35 = 0. Give h(d).
7
Let j(s) be the second derivative of -1/2*s**3 - 1/20*s**5 - 1/4*s**4 + 3*s + 0 - 1/2*s**2. What is j(-2)?
1
Let r(z) be the second derivative of z**5/20 - 7*z**4/12 - z**3/3 + 5*z**2 + 11*z. Determine r(7).
-4
Let g(l) be the first derivative of -2*l**2 - l - 2. Let c be -3 - (-4*2)/2. What is g(c)?
-5
Suppose 0 = 5*x - 2 - 18. Let f(r) = -r**3 + 3*r**2 + 4*r + 3. Calculate f(x).
3
Let o(r) be the third derivative of r**5/20 + r**4/8 + r**3/3 - 5*r**2. Suppose -5*w = -5 + 15. What is o(w)?
8
Let o(c) be the third derivative of 0*c - 1/10*c**5 - 1/120*c**6 + 7/6*c**3 + 0 - 5/24*c**4 - 5*c**2. Calculate o(-5).
7
Suppose -12 = -r + 7*r. Let l(m) = m**3 + 2*m**2 + 2*m - 1. Determine l(r).
-5
Let u be -2 + -2 + -21 + 3. Let w be 6/33 - (-136)/u. Let s(a) = a + 4. What is s(w)?
-2
Let i = -9 + 6. Let o(t) be the third derivative of t**4/24 - t**3/3 - 3*t**2. Determine o(i).
-5
Let w be 1/(-2)*(-3 + -3). Let h(k) = 2*k**3 - 2*k**2 - k**3 - 1 + k - 3*k - 2*k**w. Calculate h(-2).
3
Let k(y) = 3*y**3 - 5*y**2. Let u(d) = d**3 - d**2 - 1. Let w(c) = k(c) - 2*u(c). Determine w(-2).
-18
Let r(z) = -z. Let v(d) = -3*d - 1. Let y(u) = r(u) + v(u). Let s be 3/(-2) + (-1)/2. Give y(s).
7
Let k(p) = p**3 + p**2 + 1. Let a(g) = -15*g**3 - g**2 - 6*g - 6. Let f(l) = l**3 + l + 1. Let t(r) = -a(r) - 5*f(r). Let m(b) = 2*k(b) - t(b). Calculate m(1).
-7
Let z(l) be the second derivative of 5*l**3/6 - 15*l. What is z(2)?
10
Suppose -3*w + 4*u - 7 = -2, 0 = -5*w - u + 7. Let s be 9/(w - -2) - 0. Let r(x) = s + 10*x - 1 - 1. Give r(1).
11
Let v(o) be the second derivative of -o**3/6 - 5*o**2/2 - o. Let g(i) = -1. Let r(b) = 14*g(b) - 2*v(b). Let c be (3/1)/(15/25). Calculate r(c).
6
Let v(s) = -9*s**2 - s. Let r be ((-2)/(-4))/(16/64). Suppose 0 = 5*i - x + 9, -6*i = -r*i - 5*x + 24. Give v(i).
-8
Let n(b) = b**2 + 2. Let q be (-259)/91 + (-2)/13. What is n(q)?
11
Let x(c) = -c**3 + 9*c**2 - c + 11. Let a be 0/9 - (-8 + -1). Let n be x(a). Let k(r) be the first derivative of -r**2/2 + 2*r + 1. Give k(n).
0
Suppose -6*q = 2*k - 5*q - 4, 0 = -4*k - q + 4. Suppose k = -0*h - 4*h. Let g(s) = -s + 3. Calculate g(h).
3
Let k(q) = q**2 - 6*q + 12. Let w be k(3). Let v = -7 - -10. Let l(j) = -5*j**2 - 3 + j**v + 5 + 5*j - w. Calculate l(4).
3
Let n(r) = -r**3 + r**2 - r + 7. Let h be n(0). Suppose -5 - h = 3*q. Let v be (-16)/q - 1/(-1). Let a(m) = -m**3 + 6*m**2 - 3*m - 4. Give a(v).
6
Let r(w) be the first derivative of w**3/3 + 2*w**2 - 2*w + 3. Let g(l) = -l. Let b be g(0). Suppose v + b*v + 5 = 0. Give r(v).
3
Let r(z) = -5*z + 2*z**2 + z + 0*z - z**2. Let t(c) = -2*c**3 - 4*c**2 - 2*c. Let y be t(-2). Give r(y).
0
Let x(l) = 8*l**3 + 12*l**2 - 3*l + 4. Let j(u) = -7*u**3 - 11*u**2 + 2*u - 4. Let f(c) = 7*j(c) + 6*x(c). Give f(-4).
-4
Let w(a) = 2*a - 2. Suppose 0 = -7*o + 2*o + 125. Suppose 4*m = m - b + 4, 2*b = 3*m - 10. Suppose -3*n = m*n - o. Give w(n).
8
Let i = -13 - -21. Let y be 12/i*6/9. Let n(d) = d**2 + d - 1. Let m be n(y). Let a(t) = 11*t**2 + 2*t - 1. Give a(m).
12
Let g(m) = -2*m + 1. Let n = 2 + 0. Let s = 2 - n. Suppose s*p - 6 = 3*p. Give g(p).
5
Let i be (3/(-6) + 0)*-4. Let r(m) = -3 - 9*m + 5*m + 8*m - m**3 + m**i + m**2. Let c be r(2). Let v(j) = -j**2 + 5*j - 3. Determine v(c).
-3
Suppose 5*q - 27 = -t, 2*t + 5*q - 19 = 10. Let j(u) = -6*u**3 + 4*u**3 - u**t + 0*u - 2*u - 1. What is j(-1)?
2
Let m(c) = -7*c + 16. Let w(a) = 8*a - 17. Let b(g) = 6*m(g) + 5*w(g). Let n(i) = 1. Let s(l) = -b(l) + 6*n(l). Give s(4).
3
Let m be (1/2)/((-4)/32). Let y(i) = i**3 + 3*i**2 - 2*i + 5. Determine y(m).
-3
Let y(k) = -2*k. Let g(n) = 3*n - 1. Let u(c) = -3*g(c) - 4*y(c). What is u(0)?
3
Let y(f) be the second derivative of -f**5/60 -